u*b - 4*s + 4. Let y = 11 + b. What is the greatest common factor of 28 and y?
7
Suppose 3*j - i = -25 + 313, 0 = -4*j + 4*i + 392. Suppose -2*d + w - 2*w + 39 = 0, j = 5*d + 3*w. What is the greatest common factor of 33 and d?
11
Suppose 2*j = -2*j + 72. Let y be 199 + 2*2/(-4). Calculate the highest common divisor of j and y.
18
Let f(d) = -d**2 - 5*d. Let a be f(-3). Let y = -2 + a. What is the highest common factor of y and 28?
4
Let s(h) = -h + 1. Let m be s(-1). Suppose 4*x - 8 = -m*u + 44, -20 = -2*x + 2*u. Calculate the highest common divisor of 6 and x.
6
Let d be (3/(-5))/((-1)/5). Let l be (-17)/(-5) - 21/(-35). Suppose y = 3*h + l, -46 = -4*y - d*h - 0*h. What is the greatest common divisor of y and 40?
10
Suppose -2*b + u = 5, 1 = -4*b + 3*u - 6. Let j be (52/6)/(b/(-6)). Calculate the greatest common divisor of j and 117.
13
Let r be 9 - (-5)/(15/9). Calculate the highest common divisor of 84 and r.
12
Let g(f) = -f**3 - 12*f**2 + 11*f - 8. Let w be g(-13). What is the highest common divisor of 18 and w?
18
Let q(n) = -n**3 + 6*n**2 + 4*n - 12. Let s be q(5). What is the greatest common divisor of 231 and s?
33
Let d = 6 - -1. Let u be 48/22 + 14/(-77). Let i be (u/3)/((-6)/(-63)). What is the highest common factor of i and d?
7
Let d(g) = 12*g**2 + 1. Let j be d(-1). What is the highest common divisor of 13 and j?
13
Suppose -4*a - 4*i = 0, -16 = -3*a + 3*i + 2*i. Suppose -45 = -3*t - a*t. What is the highest common divisor of 72 and t?
9
Let t be 579/9 - 8/(-12). Calculate the greatest common factor of 26 and t.
13
Let q(b) = -11*b - 1. Let i be q(-2). What is the greatest common divisor of 273 and i?
21
Let y be 5 - (1 - (0 - -1)). Calculate the highest common divisor of y and 2.
1
Let m be 62/2 - 1/(-1). Let i = 489 - 244. Suppose -3*f + 2*a = a - i, 3*f - 4*a = 260. Calculate the highest common factor of f and m.
16
Suppose -b + 117 = 3*u + u, -102 = -3*u + 4*b. Suppose 3*r + 2*j - 64 = 0, -j + 6*j = -3*r + 70. What is the greatest common divisor of r and u?
10
Let t = 26 - 23. What is the highest common factor of t and 24?
3
Suppose 3*j = 2*g + 2*j - 7, 2*g - 3*j = 17. What is the greatest common factor of g and 5?
1
Let m(b) = b**3 - 3*b**2 - b + 7. Let t be m(3). What is the greatest common divisor of 1 and t?
1
Let j be 30/135 - 160/(-9). What is the highest common factor of 18 and j?
18
Let x = -3 - -8. Let f be 4 + -4 + 0 - -10. What is the highest common divisor of x and f?
5
Let z be 0 + (54 - -1) + 0. Let i be 7/(-21) + z/3. Suppose -2*x - 9 + 137 = g, 0 = -2*x + 2. Calculate the greatest common factor of g and i.
18
Let h be (14/21)/((-1)/(-90)). Suppose -2*r = -7*r + h. Calculate the greatest common divisor of 12 and r.
12
Let z be 21/(-4) - 2/(-8). Let l be z/(-1) + 2 + 1. Calculate the greatest common factor of l and 20.
4
Let y(u) = -4 - 3 + u + u + 1. Let v be 1 + -14*3/(-6). Let h be y(v). Calculate the highest common divisor of h and 10.
10
Let k be (12/10 - 0)/((-2)/(-20)). Let y be -1*-4*(-2)/2. Let q = y + k. Calculate the greatest common factor of 40 and q.
8
Let l(n) = 4*n + 44. Let t(b) = -3*b - 44. Let d(c) = -4*l(c) - 5*t(c). Let z be d(0). What is the highest common divisor of 11 and z?
11
Suppose 3*p = 14 - 5. Suppose 3 = p*s - 6. Suppose 0*t + t = s. What is the highest common factor of 6 and t?
3
Let p = -5 - -5. Suppose 7*m = 2*m. Suppose p = g + d - m*d - 68, 0 = -3*g - 4*d + 208. Calculate the highest common factor of g and 8.
8
Let x(d) = -3*d**2 + d + 4. Let y be x(6). Let a = -44 - y. Suppose -q - a = -2*q. Calculate the highest common factor of 18 and q.
18
Let t = 11 - -34. Calculate the greatest common divisor of t and 45.
45
Suppose 3*l - 2*d = 13, -5*d + 30 = 3*l + 2*l. Let u(n) = -3*n**2 + n - 2. Let i be u(3). Let q = 19 - i. What is the highest common divisor of q and l?
5
Suppose 2*d - 10 - 8 = -4*r, 5*d = 5*r - 45. What is the highest common factor of 12 and r?
6
Let w be ((-4)/(-6))/((-8)/(-156)). What is the highest common divisor of w and 65?
13
Let w = 13 - -43. Calculate the highest common factor of 14 and w.
14
Suppose -4*y + 8 + 9 = -3*s, -5*s - 20 = -5*y. What is the greatest common factor of s and 4?
1
Let l(t) = -8*t - 2 + 3*t**2 + t - t**2 - t**3. Let s be l(5). Let y be (-2)/(-3) - s/21. What is the greatest common factor of 36 and y?
6
Suppose 261 = 5*b - 4*d - 5, -b = 3*d - 57. What is the greatest common factor of b and 18?
18
Let j = -27 + 75. What is the greatest common factor of j and 32?
16
Let w = -2 - -5. Suppose -36 = -w*f - 0*f. Let x be (1 - f/(-2)) + 1. Calculate the highest common divisor of 72 and x.
8
Let w(d) = -d + 3. Let p be w(4). Let y = -12 - p. Let v = y + 25. What is the highest common factor of v and 28?
14
Let f(a) = -251*a**3 + 2*a**2 - 1. Let k be f(-1). Suppose -k = -2*z - z. What is the greatest common divisor of z and 12?
12
Let u = 4 + 1. Let n = 507 + -358. Suppose -n = -5*a + 51. What is the highest common factor of a and u?
5
Let d = 8 - 6. Suppose 180 = d*k + k. Calculate the greatest common divisor of 12 and k.
12
Let u(k) = -k**3 - k**2 + k. Let x be u(-2). Suppose -3 = z, -x*j - 4*z = -37 - 379. Let q = j + -97. What is the highest common factor of 13 and q?
13
Let c(g) = 4*g**3 + 2*g**2 - 3*g. Let d be c(-3). Let x = 121 + d. Suppose f + 4*u - 7 = 5, 0 = -2*f + 5*u + 11. What is the greatest common divisor of f and x?
8
Let f = -102 + 120. Let w be 3/2 - (-2)/4. Calculate the highest common divisor of f and w.
2
Suppose 0 = -3*p - 3*d - 11 + 98, 5*p - 145 = -2*d. What is the highest common factor of 116 and p?
29
Suppose 3*i = 2*i - 18. Let f be (-44)/6*i/12. Calculate the highest common divisor of 88 and f.
11
Let n(k) = 25*k - 7. Let q be n(1). Calculate the highest common factor of q and 6.
6
Let y be (-2)/(-4) - (-54)/4. What is the highest common divisor of 21 and y?
7
Suppose 2*v - 13 = 1. Suppose 3*t + 28 - 10 = 0. Let a = v - t. What is the greatest common factor of 13 and a?
13
Let z = -18 + 13. Let g = -53 - z. Let b be ((-3)/2)/(9/g). Calculate the highest common factor of b and 8.
8
Suppose 4*w = -0*w + 64. Calculate the greatest common divisor of 64 and w.
16
Suppose 2*c + 628 = 3*a, -5*a - c + 1130 = 92. Calculate the highest common divisor of a and 16.
16
Suppose 3*y + 1 = -k - 2, 0 = -y - 5. Let i = 10 + 5. Suppose -s = -i - 9. What is the greatest common factor of k and s?
12
Let j = -82 + 130. Calculate the greatest common factor of 36 and j.
12
Let n(g) = -2*g + 2. Let d be n(3). Let a(p) = -p + 1. Let s be a(d). Calculate the greatest common divisor of 20 and s.
5
Let d be 239/3 + 3/9. What is the highest common factor of d and 10?
10
Let f(a) = -a**3 + 9*a**2 + a - 3. Let p be f(9). Calculate the greatest common divisor of 12 and p.
6
Let w = 19 + 2. Calculate the highest common factor of w and 14.
7
Let r = 28 + -15. What is the highest common factor of 13 and r?
13
Let b be 1*2 - 2/(-1). Suppose 484 = 8*s - 3*s - 2*j, b*s - 394 = 5*j. What is the highest common factor of s and 24?
24
Let i be -3 - (4 - 0)/(7/(-42)). What is the greatest common divisor of 49 and i?
7
Suppose -2*a + 5*a + 36 = 0. Let m = -5 - a. Suppose -2*y = -2*o - 8, m*o = y + 4*o - 2. Calculate the highest common factor of 20 and y.
5
Let r = -21 + 21. Let b = r - -11. Calculate the greatest common divisor of b and 99.
11
Let y(x) = 7*x**3 + x**2 + x - 1. Let j be y(1). Suppose -j*t = -10*t + 112. What is the highest common factor of t and 140?
28
Let j(s) = -s**2 + 11. Suppose -4*v = -0*v. Let d be j(v). What is the greatest common factor of d and 55?
11
Let n(p) = -44*p**3 - 2*p**2 - 4*p - 2. Let r be n(-1). What is the highest common divisor of r and 66?
22
Let s be 9/(-12)*16/(-2). Suppose -59 - s = -5*m. Calculate the greatest common divisor of 65 and m.
13
Suppose -3*q - 5*u + 0 = -8, 0 = -q - 2*u + 1. Suppose -2*x + 5*x = -3*d + 27, d + 3*x = q. What is the greatest common factor of d and 4?
4
Let c(o) = -3*o + 6. Let u be c(-2). What is the highest common factor of 24 and u?
12
Let u be 1/1*(3 - -77). What is the greatest common factor of u and 32?
16
Suppose 3*z - 3 = 2*z. Suppose z*x = 4*w - 237, 0*w - w + 61 = x. Let m = 39 - 15. What is the highest common factor of m and w?
12
Let f be ((-4)/(-10))/((-1)/(-10)). Suppose -